 d**3 - 38*d**2 - 215*d + 55. What is the remainder when 185 is divided by v(43)?
20
Suppose 1852*y - 1843*y = 1917. Calculate the remainder when y is divided by 50.
13
Suppose 5*x - 3 = 2*b + 275, -5*x - b + 281 = 0. What is the remainder when 67 is divided by x?
11
Let n = 12690 - 12121. Calculate the remainder when n is divided by 77.
30
Calculate the remainder when 1844 is divided by (-45)/27*7/((-280)/264).
7
Let p(f) = -237*f**2 - 716*f - 4. Calculate the remainder when 5054 is divided by p(-3).
5
Calculate the remainder when 330486/429 + 4/(-11) is divided by 37.
30
Let b(p) = -p**3 - 2*p**2 - 4. Let m be b(0). What is the remainder when 17 is divided by -1*((-4)/8*14 + m)?
6
Suppose -2*p + m + 41 = -45, 2*p - 82 = -m. What is the remainder when 100 is divided by p?
16
What is the remainder when 231 is divided by (-5890)/76*(-16)/10?
107
Let y(l) = 28*l - 209. What is the remainder when 328 is divided by y(14)?
145
Let o = 66 + -74. Let l be 1776/15 + (0 - o/(-20)). Suppose -5*h - 2*u - u = -l, -2*h + 2*u + 44 = 0. Calculate the remainder when h is divided by 4.
3
Suppose -3*k - 16 - 29 = 0. Let t be -6*k/(-2) - -2. Let b = 70 + t. What is the remainder when 160 is divided by b?
25
Suppose v = 5*t + 151, v - 10*t = -8*t + 160. What is the remainder when v is divided by 34?
30
Let c be ((-3816)/(-20))/(18/45). Suppose 1259 - c = 17*d. What is the remainder when d is divided by 1/(-2) - 54/(-4)?
7
Let i(x) = -x**2 + 35*x + 296. Calculate the remainder when i(39) is divided by 28.
0
Let r(y) = -11*y - 76. Let m = -79 + 55. Let o be r(m). Suppose -6*l + o = -4*l + 5*n, 0 = l + 3*n - 93. Calculate the remainder when l is divided by 17.
14
Suppose 26 = k + 5*s, 39*s - 36*s = 3*k + 12. Let d be (1 + -3 + -3)*-4. What is the remainder when 58 is divided by 296/d - k/(-5)?
13
Let y = -148 + 290. Suppose -10*u + 648 = -0*u + 8*u. Calculate the remainder when y is divided by u.
34
Suppose -239199 = -50*f - 5*f + 53731. What is the remainder when f is divided by 8?
6
Suppose 416*w = 415*w + 7, -5*f = -5*w - 320. What is the remainder when 437 is divided by f?
11
Let a be (-2 - -8)/(12/8). Suppose 5*i - 80 = a*s, -i - 2*i + 48 = -4*s. What is the remainder when i is divided by 9?
7
Let b = -1064 + 3857. Calculate the remainder when b is divided by 65.
63
Let i be (-1)/(((-48)/(-18))/(-8)). Suppose -4*r + 6 = -r - 3*v, 0 = -i*v + 9. What is the remainder when r is divided by 2?
1
Suppose -19*h - 1380 = -4*h. Let p = h - -155. What is the remainder when p is divided by 46?
17
Suppose -2*g + 266 + 728 = f, 5*f = -2*g + 978. Suppose g = 13*y - 255. What is the remainder when y is divided by 20?
18
What is the remainder when 935 is divided by (234/8)/(92/276*(-3)/(-4))?
116
Suppose -3*a + 7*n = 9*n - 775, 3*a - 776 = -n. Suppose -2*k + 0*h = -2*h - 102, 0 = -5*k + 4*h + a. Calculate the remainder when 211 is divided by k.
46
Let o(n) = 12*n + 168. Let z be o(-14). Suppose z*f - 978 = -3*f. Calculate the remainder when f is divided by 47.
44
Let q(n) = n**2 + 10*n + 8. Let u be q(-10). Let j(f) = 2*f + 7*f + u - 10*f + 7*f**2 + 8*f. What is the remainder when j(-4) is divided by 19?
16
Let n = 71 + -78. What is the remainder when 1 + 0 + 77 + -1 is divided by 4/(-14) - 121/n - -3?
17
Let p = -3461 - -3505. What is the remainder when 113 is divided by p?
25
Let s = 64 - -10. Suppose -4*m = -s - 6. What is the remainder when m/(-5) - (-110)/1 is divided by 27?
25
Let p = -2438 + 2493. Calculate the remainder when 90 is divided by p.
35
What is the remainder when (8/((-56)/1267))/(3/27*-3) is divided by 61?
55
Let j(t) = -7*t + 116. What is the remainder when 102 is divided by j(16)?
2
Let g(q) = -7*q**2 - 391*q + 466. What is the remainder when 3256 is divided by g(-57)?
6
Let f(x) = x**3 + 8*x**2 + 15*x + 3. Let w be f(-6). Suppose 2*z = 5*z - 9. What is the remainder when 3*(5 - (-25)/w) is divided by z?
1
Let t = 901 + -874. Suppose 1351 = -20*d + t*d. Calculate the remainder when d is divided by 39.
37
Let g = -15628 + 15964. What is the remainder when g is divided by 23?
14
Suppose -3*t + 65 = -319. Let r(d) = -4*d**3 - 41*d**2 - 123*d - 47. Calculate the remainder when t is divided by r(-5).
42
Let v = 18 + -3. Let i = v - 24. What is the remainder when 23 is divided by (-106)/i - (-4)/18?
11
Let z(i) = 3*i - 1. Let l be z(29). Suppose -l = -11*n + 178. What is the remainder when 94 is divided by n?
22
Let l(v) = v**2 + 137*v + 4364. What is the remainder when l(-104) is divided by 132?
8
Let r(n) = 341*n - 8956. Calculate the remainder when r(45) is divided by 45.
44
Suppose 2*g + h - 140 = 5*g, -4*g = -5*h + 205. Let u = g + 49. Suppose u*n - x - 4*x = 39, n - 2*x = 12. Calculate the remainder when 15 is divided by n.
3
Let l(h) = -20*h - 1. Suppose r + 128 = 4*k - 66, -k + 57 = 4*r. Suppose k = 6*w - 17. What is the remainder when l(-1) is divided by w?
8
Let n(a) = -a**3 + 11*a**2 - 3*a + 38. Let c be n(11). Suppose 140 = c*y + g - 6*g, 5*y - 132 = 3*g. What is the remainder when 47 is divided by y?
23
Let k = 1323 - 1288. Calculate the remainder when 298 is divided by k.
18
What is the remainder when 170 is divided by -15 - 1 - 13515/(-265)?
30
Suppose 483*p - 972*p + 12870 = -483*p. What is the remainder when p is divided by 74?
73
Let q = -5151 - -7201. Calculate the remainder when q is divided by 171.
169
Let i be (3 - (8 + -4))*-13. Let w(q) = -2*q - 20 + 20 - i. Calculate the remainder when 20 is divided by w(-8).
2
Let q be 41 + 2*(-1)/2. Suppose -5*d + 4*k - q = 0, d - 5*k + 8 = -k. Calculate the remainder when 6 is divided by ((36/d)/9)/((-2)/16).
2
Let x = -14 - -4. Let s(n) = -73 - n**2 + 75 - 7*n - 3*n. Calculate the remainder when 2 is divided by s(x).
0
Suppose 39*s + 214 - 45 = 52*s. Calculate the remainder when 809 is divided by s.
3
Suppose 4*l + 4*d + 32 = 0, l + 4*d + 37 = -4*l. Let w(j) = -9*j - 1. Suppose -30 = 6*n - 5*n - 3*n. What is the remainder when w(l) is divided by n?
14
Let n(o) = 9*o**2 + 627*o - 135. Calculate the remainder when n(-70) is divided by 67.
8
Suppose u + 0 = 212. Suppose 0 = 2*m + u - 276. What is the remainder when 223 is divided by m?
31
Let o = -21345 + 21406. Suppose -b - 40 = -6*b. What is the remainder when o is divided by b?
5
Let m(u) = 3*u + 3. Let f(b) = 15*b**2 + 5*b - 2. Let a be f(-3). Suppose -14*k + 580 - a = 0. What is the remainder when k is divided by m(3)?
9
Suppose -145*o - 41277 + 204402 = 0. Calculate the remainder when o is divided by 561.
3
Calculate the remainder when ((6 - -1) + (-6570)/18)/(-1) is divided by 7.
1
Suppose -8*v + 11*v = -y - 4, 0 = -5*y + v - 52. Calculate the remainder when 40 is divided by ((-24)/y)/((-10)/(-25)) - 3.
1
Let p(t) = -t**3 + 20*t**2 + 2*t - 36. Let m be p(20). Suppose -n - 4 = -3*j, 2*j + 2 = n + m. Let z = j + 10. What is the remainder when 47 is divided by z?
11
Suppose 2515 = 4*p + j, 15*p - 2480 = 11*p + 4*j. What is the remainder when p is divided by 6?
3
Suppose -16*j + 8246 = -54*j. Let k = 228 + j. Calculate the remainder when 272 is divided by k.
8
Suppose 359 = 5*a + k, -4*k - 221 = -3*a + k. Let u = -65 + a. What is the remainder when -3*(1316/(-12))/u is divided by 16?
15
Let v be (-4)/18 + 390/54. Suppose -55 = -v*l - 13. Suppose 4*r - 9 = 3*r. What is the remainder when r is divided by l?
3
Suppose s = 4*w - 13, 0 = w + w - s - 9. Suppose -w*m = -m - 160. What is the remainder when m is divided by 27?
25
Suppose -2*q + s = -503, -3*q + 768 = -99*s + 102*s. Let b(i) = -i**2 - 10*i - 4. Calculate the remainder when q is divided by b(-6).
13
Suppose -3*z + 36 + 15 = 0. Suppose 182 = 5*s - 533. Let q = -78 + s. What is the remainder when q is divided by z?
14
What is the remainder when 3251 is divided by 148 + (-77)/(-24 - -13)?
151
Suppose 4*a - 4*i = -a + 4840, 3883 = 4*a - i. Suppose -920 = -44*t + a. What is the remainder when 137 is divided by t?
8
Let c(r) = 65*r - 81. What is the remainder when c(9) is divided by 22?
20
Suppose 5*p = 58 + 12. What is the remainder when 104 is divided by (-932)/(-20) + p/35?
10
Let o = 2874 - 2825. What is the remainder when 2789 is divided by o?
45
Suppose 40 = t + t. What is the remainder when t is divided by (24*(-21)/420)/((-2)/10)?
2
What is the remainder when ((-52)/130)/(3 - 42556/1418